{"id":1187,"date":"2023-07-19T19:44:00","date_gmt":"2023-07-19T19:44:00","guid":{"rendered":"https:\/\/www.viconseg.com.co\/?page_id=1187"},"modified":"2023-07-19T21:01:24","modified_gmt":"2023-07-19T21:01:24","slug":"carnet","status":"publish","type":"page","link":"https:\/\/www.viconseg.com.co\/index.php\/carnet\/","title":{"rendered":"Carnet"},"content":{"rendered":"\n\t<div class=\"forminator-ui forminator-custom-form forminator-custom-form-1186 forminator-design--default  forminator_ajax\" data-forminator-render=\"0\" data-form=\"forminator-module-1186\"><br\/><\/div><form\r\n\t\t\t\tid=\"forminator-module-1186\"\r\n\t\t\t\tclass=\"forminator-ui forminator-custom-form forminator-custom-form-1186 forminator-design--default  forminator_ajax\"\r\n\t\t\t\tmethod=\"post\"\r\n\t\t\t\tdata-forminator-render=\"0\"\r\n\t\t\t\tdata-form-id=\"1186\"\r\n\t\t\t\t\r\n\t\t\t\tdata-design=\"default\"\r\n\t\t\t\t\r\n\t\t\t\t\r\n\t\t\t\t\r\n\t\t\t\tdata-grid=\"open\"\r\n\t\t\t\tenctype=\"multipart\/form-data\"\r\n\t\t\t\t\r\n\t\t\t\tstyle=\"display: none;\"\r\n\t\t\t><div class=\"forminator-response-message forminator-error\" aria-hidden=\"true\"><\/div><div class=\"forminator-row\"><div id=\"html-1\" class=\"forminator-col forminator-col-12 \"><div class=\"forminator-field forminator-merge-tags\"><label class=\"forminator-label\">ESTUDIANTES USB<\/label><p>Estimados estudiantes a continuaci\u00f3n solicitamos la siguiente informaci\u00f3n para generar su carnet digital con QR, al final encontrara una casilla para subir su fotograf\u00eda, por favor subirla siguiendo las indicaciones solicitadas.<\/p>\n<p>Nota: si la informaci\u00f3n ha sido correcta muy pronto recibir\u00e1 en su correo un PDF, qe contiene su carnet digital con QR, el cual deber\u00e1 usar por medio de su dispositivo m\u00f3vil para ingresar a la universidad a trav\u00e9s de los torniquetes.<\/p>\n<p>\u00a0<\/p><\/div><\/div><\/div><div class=\"forminator-row\"><div id=\"name-1\" class=\"forminator-col forminator-col-12 \"><div class=\"forminator-field\"><label for=\"forminator-field-name-1\" class=\"forminator-label\">Nombre(s) y Apellidos Completos <span class=\"forminator-required\">*<\/span><\/label><input type=\"text\" name=\"name-1\" value=\"\" placeholder=\"Ejemplo: Juan P\u00e9rez\" id=\"forminator-field-name-1\" class=\"forminator-input forminator-name--field\" aria-required=\"true\" \/><\/div><\/div><\/div><div class=\"forminator-row\"><div id=\"phone-1\" class=\"forminator-col forminator-col-12 \"><div class=\"forminator-field\"><label for=\"forminator-field-phone-1\" class=\"forminator-label\">Numero de Documento <span class=\"forminator-required\">*<\/span><\/label><input type=\"text\" name=\"phone-1\" value=\"\" placeholder=\"1 300 400 5000\" id=\"forminator-field-phone-1\" class=\"forminator-input forminator-field--phone\" data-required=\"1\" aria-required=\"true\" autocomplete=\"off\" maxlength=\"10\" data-validation=\"character_limit\" \/><span class=\"forminator-description\">Solo Acepta Valores N\u00famericos<span data-limit=\"10\" data-type=\"\">0 \/ 10<\/span><\/span><\/div><\/div><\/div><div class=\"forminator-row\"><div id=\"html-2\" class=\"forminator-col forminator-col-12 \"><div class=\"forminator-field forminator-merge-tags\"><label class=\"forminator-label\">Para Subir la Fotografia<\/label><ol>\n<li>fondo blanco<\/li>\n<li>Tama\u00f1o tipo Documento<\/li>\n<li>Frontal<\/li>\n<li>Sin lentes y Gafas Oscuras<\/li>\n<li>Soin Sombreros, Gorras o Similares<\/li>\n<li>Formato JPG o PNG<\/li>\n<\/ol><\/div><\/div><\/div><div class=\"forminator-row\"><div id=\"upload-1\" class=\"forminator-col forminator-col-12 \"><div class=\"forminator-field\"><label for=\"forminator-field-upload-1\" class=\"forminator-label\">Subir archivo <span class=\"forminator-required\">*<\/span><\/label><div class=\"forminator-file-upload \" data-element=\"upload-1\"><input type=\"file\" name=\"upload-1\" id=\"forminator-field-upload-1\" class=\"forminator-input-file-required do-validate\" accept=\".jpg,.jpeg,.jpe,.png,.webp,.heic,.svg,.svgz,.xml\"><button id=\"forminator-field-upload-1_button\" class=\"forminator-button forminator-button-upload\" data-id=\"forminator-field-upload-1\">Elegir archivo<\/button><span data-empty-text=\"Ning\u00fan archivo seleccionado\">Ning\u00fan archivo seleccionado<\/span><button class=\"forminator-button-delete\" style=\"display: none;\"><i class=\"forminator-icon-close\" aria-hidden=\"true\"><\/i><span class=\"forminator-screen-reader-only\">Eliminar el archivo subido<\/span><\/button><\/div><\/div><\/div><\/div><div class=\"forminator-row\"><div id=\"html-3\" class=\"forminator-col forminator-col-12 \"><div class=\"forminator-field forminator-merge-tags\"><label class=\"forminator-label\">HTML<\/label><p>El limite de subida del archivo es de 2MB archivo individual.<\/p><\/div><\/div><\/div><div class=\"forminator-row\"><div id=\"captcha-1\" class=\"forminator-col forminator-col-12 \"><div class=\"forminator-g-recaptcha\" data-theme=\"light\" data-sitekey=\"6LfYzFQdAAAAAKwaWBjyn0kOLugp9-5wHiknJ4YR\" data-size=\"normal\"><\/div><\/div><\/div><input type=\"hidden\" name=\"referer_url\" value=\"\" \/><div class=\"forminator-row forminator-row-last\"><div class=\"forminator-col\"><div class=\"forminator-field\"><button class=\"forminator-button forminator-button-submit\">Enviar mensaje<\/button><\/div><\/div><\/div><input type=\"hidden\" id=\"forminator_nonce\" name=\"forminator_nonce\" value=\"92e988b3bf\" \/><input type=\"hidden\" name=\"_wp_http_referer\" value=\"\/index.php\/wp-json\/wp\/v2\/pages\/1187\" \/><input type=\"hidden\" name=\"form_id\" value=\"1186\"><input type=\"hidden\" name=\"page_id\" value=\"1187\"><input type=\"hidden\" name=\"form_type\" value=\"default\"><input type=\"hidden\" name=\"current_url\" value=\"https:\/\/www.viconseg.com.co\/wp-json\/wp\/v2\/pages\/1187\/\"><input type=\"hidden\" name=\"render_id\" value=\"0\"><input type=\"hidden\" name=\"action\" value=\"forminator_submit_form_custom-forms\"><\/form>\n","protected":false},"excerpt":{"rendered":"","protected":false},"author":1,"featured_media":0,"parent":0,"menu_order":0,"comment_status":"closed","ping_status":"closed","template":"","meta":{"footnotes":""},"class_list":["post-1187","page","type-page","status-publish","hentry","wpbf-post"],"_links":{"self":[{"href":"https:\/\/www.viconseg.com.co\/index.php\/wp-json\/wp\/v2\/pages\/1187"}],"collection":[{"href":"https:\/\/www.viconseg.com.co\/index.php\/wp-json\/wp\/v2\/pages"}],"about":[{"href":"https:\/\/www.viconseg.com.co\/index.php\/wp-json\/wp\/v2\/types\/page"}],"author":[{"embeddable":true,"href":"https:\/\/www.viconseg.com.co\/index.php\/wp-json\/wp\/v2\/users\/1"}],"replies":[{"embeddable":true,"href":"https:\/\/www.viconseg.com.co\/index.php\/wp-json\/wp\/v2\/comments?post=1187"}],"version-history":[{"count":6,"href":"https:\/\/www.viconseg.com.co\/index.php\/wp-json\/wp\/v2\/pages\/1187\/revisions"}],"predecessor-version":[{"id":1194,"href":"https:\/\/www.viconseg.com.co\/index.php\/wp-json\/wp\/v2\/pages\/1187\/revisions\/1194"}],"wp:attachment":[{"href":"https:\/\/www.viconseg.com.co\/index.php\/wp-json\/wp\/v2\/media?parent=1187"}],"curies":[{"name":"wp","href":"https:\/\/api.w.org\/{rel}","templated":true}]}}